ulate the remainder when 166149575 is divided by 391.
381
What is the remainder when 282027318 is divided by 201?
198
Calculate the remainder when 6744495 is divided by 2248026.
417
What is the remainder when 107706046 is divided by 32?
30
Calculate the remainder when 72733 is divided by 428.
401
What is the remainder when 77219 is divided by 99?
98
Calculate the remainder when 1786928 is divided by 42.
38
Calculate the remainder when 940229805 is divided by 336.
333
Calculate the remainder when 16701639 is divided by 2087629.
607
Calculate the remainder when 13423410 is divided by 4474466.
12
Calculate the remainder when 983806 is divided by 3475.
381
Calculate the remainder when 17672829 is divided by 17.
3
Calculate the remainder when 851653 is divided by 498.
73
What is the remainder when 20238898 is divided by 399?
22
What is the remainder when 5246289 is divided by 347?
343
Calculate the remainder when 19269 is divided by 768.
69
Calculate the remainder when 65174152 is divided by 48099.
7
What is the remainder when 96253 is divided by 3313?
176
What is the remainder when 20581415 is divided by 1128?
1055
Calculate the remainder when 227589 is divided by 1587.
648
What is the remainder when 3320632 is divided by 3320614?
18
Calculate the remainder when 75635 is divided by 4584.
2291
Calculate the remainder when 5573198 is divided by 100.
98
Calculate the remainder when 40248 is divided by 1225.
1048
Calculate the remainder when 35200061 is divided by 90.
71
What is the remainder when 3531 is divided by 1233?
1065
Calculate the remainder when 4361090 is divided by 20.
10
Calculate the remainder when 885281 is divided by 2581.
2579
What is the remainder when 234947 is divided by 58732?
19
What is the remainder when 32421 is divided by 7631?
1897
What is the remainder when 201826933 is divided by 1011?
1003
Calculate the remainder when 4016664 is divided by 1004163.
12
Calculate the remainder when 91556047 is divided by 31.
27
What is the remainder when 1164690 is divided by 388088?
426
Calculate the remainder when 14399589 is divided by 173488.
85
What is the remainder when 27251922 is divided by 6812980?
2
What is the remainder when 1477147 is divided by 880?
507
What is the remainder when 212635 is divided by 2797?
63
Calculate the remainder when 1316957 is divided by 13.
5
What is the remainder when 429747 is divided by 1879?
1335
Calculate the remainder when 20015 is divided by 6411.
782
Calculate the remainder when 7908 is divided by 44.
32
What is the remainder when 894211 is divided by 1626?
1537
What is the remainder when 24390234 is divided by 338753?
18
What is the remainder when 79669509 is divided by 1397?
1393
What is the remainder when 18280661 is divided by 4535?
76
Calculate the remainder when 5819150 is divided by 526.
12
What is the remainder when 22149060 is divided by 256?
196
Calculate the remainder when 38015830 is divided by 2282.
2274
What is the remainder when 7930869 is divided by 16874?
89
Calculate the remainder when 1509790 is divided by 11792.
414
What is the remainder when 114123 is divided by 1264?
363
What is the remainder when 12495242 is divided by 27829?
21
Calculate the remainder when 3394421 is divided by 297.
8
Calculate the remainder when 854843 is divided by 44.
11
Calculate the remainder when 13313 is divided by 13087.
226
What is the remainder when 25586916 is divided by 482770?
106
Calculate the remainder when 1584708 is divided by 27.
24
Calculate the remainder when 1592746 is divided by 530837.
235
Calculate the remainder when 33208065 is divided by 11069353.
6
What is the remainder when 23834939 is divided by 1328?
1323
What is the remainder when 6111 is divided by 374?
127
Calculate the remainder when 18319562 is divided by 4579876.
58
Calculate the remainder when 2468589 is divided by 3113.
3093
Calculate the remainder when 26905 is divided by 5210.
855
Calculate the remainder when 1047890 is divided by 1246.
4
What is the remainder when 812799 is divided by 812692?
107
What is the remainder when 111725 is divided by 347?
338
Calculate the remainder when 125816 is divided by 322.
236
Calculate the remainder when 3814578 is divided by 82.
20
What is the remainder when 146537 is divided by 303?
188
Calculate the remainder when 10823302 is divided by 117.
100
Calculate the remainder when 23548111 is divided by 28.
27
What is the remainder when 2662088 is divided by 315?
23
What is the remainder when 301628 is divided by 37609?
756
Calculate the remainder when 13187373 is divided by 6593684.
5
Calculate the remainder when 48708629 is divided by 47.
38
What is the remainder when 21513918 is divided by 12?
6
Calculate the remainder when 53819654 is divided by 31.
27
What is the remainder when 655156 is divided by 10384?
964
What is the remainder when 33565 is divided by 33109?
456
Calculate the remainder when 2450758 is divided by 260.
258
What is the remainder when 3756491 is divided by 1100?
1091
What is the remainder when 5600256 is divided by 1120020?
156
Calculate the remainder when 399909 is divided by 632.
485
What is the remainder when 1546731 is divided by 13810?
11
Calculate the remainder when 103540 is divided by 25786.
396
Calculate the remainder when 25594 is divided by 1224.
1114
What is the remainder when 700929 is divided by 248?
81
Calculate the remainder when 404339 is divided by 50541.
11
Calculate the remainder when 194577 is divided by 38895.
102
What is the remainder when 15221 is divided by 1239?
353
Calculate the remainder when 942842 is divided by 701.
698
What is the remainder when 30731984 is divided by 13?
10
Calculate the remainder when 612239 is divided by 612190.
49
Calculate the remainder when 528991 is divided by 105787.
56
What is the remainder when 4660654 is divided by 8?
6
Calculate the remainder when 940256 is divided by 135.
116
Calculate the remainder when 4596318 is divided by 255349.
36
What is the remainder when 107473 is divided by 443?
267
What is the remainder when 12365409 is divided by 1373930?
39
What is the remainder when 445244720 is divided by 341?
338
What is the remainder when 4112224 is divided by 902?
6
Calculate the remainder when 16649 is divided by 1449.
710
What is the remainder when 47287436 is divided by 8?
4
What is the remainder when 1625854 is divided by 662?
644
Calculate the remainder when 39954397 is divided by 61.
7
What is the remainder when 1208107 is divided by 1303?
226
What is the remainder when 104609 is divided by 2437?
2255
What is the remainder when 3689727 is divided by 35?
27
What is the remainder when 151051487 is divided by 29?
28
Calculate the remainder when 1026684 is divided by 96.
60
What is the remainder when 1870511 is divided by 21?
20
Calculate the remainder when 182603 is divided by 297.
245
What is the remainder when 3143687 is divided by 1130?
27
What is the remainder when 5726 is divided by 637?
630
Calculate the remainder when 205005582 is divided by 163.
156
What is the remainder when 12941554 is divided by 228?
46
Calculate the remainder when 14609 is divided by 78.
23
Calculate the remainder when 2679449 is divided by 62.
57
What is the remainder when 3745225 is divided by 228?
97
Calculate the remainder when 13292247 is divided by 4430728.
63
Calculate the remainder when 10674439 is divided by 28.
27
What is the remainder when 3094877 is divided by 88425?
2
Calculate the remainder when 8909707 is divided by 1591.
107
Calculate the remainder when 629849 is divided by 15733.
529
What is the remainder when 490705 is divided by 61?
21
Calculate the remainder when 3629435 is divided by 972.
959
Calculate the remainder when 18189572 is divided by 173234.
2
What is the remainder when 29195675 is divided by 9731882?
29
What is the remainder when 4867260 is divided by 1259?
1225
What is the remainder when 15998133 is divided by 6146?
95
What is the remainder when 693179 is divided by 231053?
20
Calculate the remainder when 210263053 is divided by 15552.
13
What is the remainder when 3357396 is divided by 508?
24
Calculate the remainder when 13515607 is divided by 2800.
7
What is the remainder when 65485011 is divided by 3638056?
3
Calculate the remainder when 21879 is divided by 16031.
5848
Calculate the